5
Let s(g) = 3*g - 2. Let p(b) = -7*b + 5. Let y(t) = 4*p(t) + 9*s(t). Let o(d) = 2*d + 4. Let z be o(3). Let q be 27/(-5) - z/(-25). Determine y(q).
7
Let f = -17 + 15. Let i(d) = -5*d. What is i(f)?
10
Suppose 20 = -0*y - 5*y + 2*u, 2*y + 8 = -5*u. Let p(m) = 3*m**2 - m + 6. Let w(a) = -4*a**2 - 4 + 2*a**2 - 1. Let f(b) = y*w(b) - 3*p(b). Determine f(3).
2
Let f(m) be the second derivative of 5*m**3/6 + 6*m. Give f(1).
5
Let w(d) = 5*d**2 - d**3 - d + d**3 + 4 - d**3. Suppose 0 = -5*u - 8 + 48. Let i be (4/u)/((-2)/(-20)). What is w(i)?
-1
Let n(g) = -g - 4. Let d be n(-7). Suppose 3*w - 7*w + 12 = -2*y, d*w - 5*y = 2. Let i(l) = l**3 - 3*l**2 - 4*l - 1. Determine i(w).
-1
Let s = 1 + 1. Let y(n) = 5 + n**2 - 6*n - n**s + n**2. Suppose -4*v + 5*g + 18 = -3, -23 = -5*v + 3*g. Calculate y(v).
-3
Let d(x) be the second derivative of -x**3/6 + 4*x. What is d(6)?
-6
Let v = 2 + -7. Let q(h) = 2*h**2 - 4*h - 5. Let a(w) = w - 8. Let z be a(5). Let t(p) = -3*p**2 + 9*p + 9. Let k(i) = z*t(i) - 5*q(i). Determine k(v).
8
Let v(x) = x - 4. Let j(n) = -2*n + 3. Let q(f) = 3*j(f) + 4*v(f). Let z(y) = -y - 7. Let b be z(-6). Let m be 1/(b/(-2)) + -7. Calculate q(m).
3
Let b(y) = y**3 - 5*y**2 + 2*y - 5. Let v(r) = -r**3 - 14*r**2 - 12*r + 18. Let p be v(-13). Determine b(p).
5
Let g(c) = c**3 + 4*c**2 + 4*c + 3. Let t be g(-3). Let b(u) be the second derivative of t + 3/2*u**2 - 1/6*u**3 + 2*u. Determine b(3).
0
Let f(b) = -4*b**2 - 2*b - 1. Suppose 14 = -2*m - 3*d, 3*m - d - 4*d = 17. Give f(m).
-3
Let o(x) be the second derivative of -x**5/20 - 2*x**4/3 - 4*x**3/3 - 7*x**2/2 + 5*x. Let a be 21*(16/6 + -3). Give o(a).
0
Let i be -2*(-1)/5*30. Suppose -3*l - i = l. Let o(f) = -f**3 - 2*f**2 + 3*f + 4. Let k be o(l). Let h(q) = -q**3 + 4*q**2 + q - 3. What is h(k)?
1
Let q(j) = -j**2 - 2*j - 2. Suppose -2 = -2*y - 2*t - 0*t, -8 = y - 2*t. Let w = y - 1. What is q(w)?
-5
Let j(y) = -y**2 + 7*y + 11. Let r be j(8). Let d(i) = -i**3 + i**2 + 5*i - 3. Determine d(r).
-6
Let u(c) = -c**3 + 10*c**2 - 8*c - 8. Suppose -4*y - 5*x = -17 - 14, -29 = -3*y + 2*x. Give u(y).
1
Let i = 7 + -4. Let r(k) = -5*k**2 + k + 3*k**i + k**2 - 2*k**3. What is r(3)?
-6
Let q(c) = 10*c**3 + 16*c**2 + c - 4. Let v(a) = 7*a**3 + 11*a**2 + a - 3. Let f(w) = 5*q(w) - 7*v(w). Let n be (2 + 5/(-2))*8. Calculate f(n).
-7
Let a = 118 - 121. Let b(f) = f - 1. Determine b(a).
-4
Let k = 6 - -1. Let h = k + -10. Let d(r) = 2*r + 2 + 2 + 4*r**2 + r**3 - 2. What is d(h)?
5
Let k(o) = -o**2 + 3. Let q(x) = 0*x**3 + 10*x**2 - 4 + x - 3*x**2 - x**3. Suppose -3*m + 7*m = 28. Let z be q(m). Calculate k(z).
-6
Let s(m) = 0*m**2 + 8*m + 19 - m**2 - 23. Determine s(5).
11
Let m(o) = o**2 + o + 12. Let n(u) = -3. Let h(q) = -3*m(q) - 12*n(q). Determine h(-2).
-6
Let z(r) = 6*r**2 + r + 6*r**2 - 14*r**2. Determine z(3).
-15
Let b(m) = -8*m**3 + 11*m**2 + m + 4. Let h(t) = -7*t**3 + 10*t**2 + t + 4. Let s(c) = -6*b(c) + 7*h(c). Calculate s(4).
8
Let c be 8/(-6)*-1*-3. Let d be 2/(c/(-2))*-1. Let l(x) = -7*x**3 - x**2 + 1. Calculate l(d).
7
Let u(c) = -c**3 - 5*c**2 + c - 2. Let h be 4*1*1/(-2). Let l(r) = -3*r**3 - 11*r**2 + r - 4. Let g(q) = h*l(q) + 5*u(q). Give g(2).
0
Suppose 0 = -6*z + 9*z - 12. Let b(d) = -5 + d - d + 3*d - 4*d. Give b(z).
-9
Let z(b) = -b**2 - 3. Let r(p) = p**2 + 2. Let k(o) = -7*r(o) - 6*z(o). Let l be k(0). Let x(q) = -q**3 + 1 + 2 - q**2 + 8*q**2 - 2*q**2 - 6*q. Give x(l).
-5
Suppose 14 = 5*f + 2*q, -q = -5*f + 4*q. Suppose h = 8 - f. Suppose -3*s - 31 = 3*c + c, 0 = 4*c - 2*s + h. Let k(j) = -j**3 - 5*j**2 - 5*j - 6. What is k(c)?
-2
Let d(p) = 3 + 2 - 3 - 3 + 2*p - 4*p**2 + p**3. What is d(4)?
7
Let w(s) be the third derivative of -13*s**5/60 + s**3/6 + 14*s**2. Give w(1).
-12
Let p(m) = -3*m**2 + 1 + 2*m**2 + 2*m**2 - m. Determine p(1).
1
Let w(z) = -z**2 - 5*z - 6. Let l be w(-4). Let x(t) be the first derivative of 0*t**2 + 3*t + 6 - 4*t**2 + 6*t**2 - 4. Determine x(l).
-5
Let y = 2 - -1. Suppose 0*i = -5*i. Let l(s) = 0*s**2 - 2*s + 3*s**2 + i - s**3 - 2. What is l(y)?
-8
Let t(p) = p**3 - 6*p**2 - 7*p - 2. Let k(q) = q**2 + 2*q - 1. Let j be k(2). Determine t(j).
-2
Let i(u) = 4*u - 6. Suppose 2*x = -j + 8 + 6, 4*j + 34 = 2*x. Suppose -x + 5 = -k. Determine i(k).
10
Let a(x) = 2*x + 2. Let g be a(-2). Let j(c) = -c**2 - 2. Let i(h) = -3*h**2 - 4. Let k(p) = -2*i(p) + 5*j(p). What is k(g)?
2
Let l(v) = 11*v**2 - 3*v - 8. Let j(f) = 7*f**2 - 2*f - 5. Let c(y) = 8*j(y) - 5*l(y). Let k = -1 - -3. Give c(k).
2
Let n(i) = -5*i**3 + 9*i**2 + 5*i + 1. Let m(o) = 2*o**3 - 4*o**2 - 2*o - 1. Let r(t) = -7*m(t) - 3*n(t). Calculate r(0).
4
Suppose -2*o - 7 = 2*o + 5*t, -4*t = -4. Let v(g) = g**3 + 3*g**2 + 2*g - 1. Calculate v(o).
-7
Let o = 1 + 0. Suppose -o - 5 = 2*u. Let x(m) = 11*m + 9. Let n(b) = -13*b - 11. Let q(y) = -5*n(y) - 6*x(y). Determine q(u).
4
Suppose 3*n + 1 = 4*c - 4, 2*n + 2 = 2*c. Let m(x) = -2*x**2 - 5*x - 2. Let j(h) = -h**2 - 2*h - 1. Let r(z) = 7*j(z) - 3*m(z). Calculate r(c).
-3
Let j(m) = m**2 - m + 2. Let a(n) = n**2 + 3*n + 3. Let l be a(-2). Suppose -6 = -2*i + 3*i + o, 2 = 3*i - o. Let w = l + i. What is j(w)?
2
Let d(m) = 2*m**3 + 19*m**2 - 7*m. Let c(l) be the second derivative of -l**5/20 - 5*l**4/6 + 2*l**3/3 + 3*l. Let p(b) = 11*c(b) + 6*d(b). Give p(-3).
3
Let z(b) be the third derivative of 17*b**5/60 - b**4/24 - 2*b**2. Calculate z(1).
16
Let c(w) be the second derivative of -w**3/6 + w**2/2 - w. Suppose 6*k - 11*k = 0. Suppose h + 0 + 1 = k. Calculate c(h).
2
Let w(n) = 14*n**2 - 1 - 21*n**2 + 9*n**2 + 0*n**3 - 5*n**3. Determine w(1).
-4
Suppose -g = -0 + 6. Let v(t) = 6*t + 6*t + t**2 + 7*t - 13*t. Give v(g).
0
Let g(r) = -33*r**2 + r + 10. Let n(t) = -11*t**2 + 3. Let o(c) = -2*g(c) + 7*n(c). What is o(1)?
-12
Let z(u) be the second derivative of u**4/3 - u**3/3 + u**2/2 - 11*u. Give z(2).
13
Let u(j) be the third derivative of -j**4/24 + 5*j**2. Calculate u(3).
-3
Let g(u) = -u**2 - 2*u + 5. Let i be g(-3). Let q(n) = -n**2 - n - 2. What is q(i)?
-8
Let j(p) = -p**3 + 9*p**2 - 7*p - 4. Let b be j(8). Suppose -9 - 26 = -b*z + 5*v, -5*z = 3*v - 16. Let d(u) = -u**3 + 5*u**2 - 3*u + 7. What is d(z)?
-8
Let z(r) = 5*r**2 - 5*r - 1. Let c(k) = -14*k**2 + 14*k - 1. Let h(m) = -m**2 + m - 1. Let v(g) = c(g) - 3*h(g). Let y(b) = -3*v(b) - 7*z(b). Determine y(2).
-3
Let k(p) = -p**3 + 5*p**2 - p. Let s be ((-2)/(-4))/(2/12). Suppose s*x = -3*g, -2*g + 4*x + 27 = -3. Calculate k(g).
-5
Let h(a) be the second derivative of -a**5/4 - a**4/12 + a**2/2 - 33*a. What is h(1)?
-5
Let i(u) = u - 4*u**2 - 4*u**3 + 1 + 0*u**3 + 3*u**3. Let h = -26 + 22. What is i(h)?
-3
Let x(j) = -j**3 + 2*j**2 + 2. Let c be -1 + 1 - (-7 + 5). What is x(c)?
2
Let h(s) = -s**2 - 6*s - 7. Let w = -11 - -6. Give h(w).
-2
Suppose b - 16 = -3*b. Suppose b*x = -7 + 19. Let h(q) = -16*q**3 - q + 2*q + 7*q**x. Give h(-1).
8
Let l(g) be the first derivative of g**6/360 + g**5/40 - g**4/8 - 2*g**3 - 2. Let t(a) be the third derivative of l(a). Determine t(-4).
1
Let v(x) = x**3 - 3*x**2 + 3*x - 4. Suppose 50 = -5*g - 5*d, -4*d + 18 = -5*g - d. Let n = 9 + g. Determine v(n).
5
Let y(b) be the second derivative of b**5/20 + b**4/4 - b**3/6 - 5*b. Determine y(-3).
3
Let q(g) = -7*g**2 + g + 1. Let d(y) = -y - 4. Let t be d(6). Let h = -11 - t. What is q(h)?
-7
Let a(j) = -j**2 + 2*j - 1. Let v be a(1). Let y be 2*1/2 - v. Let h(f) = y - 3*f + 2*f + 4*f. Determine h(-1).
-2
Let g(n) = -n**3. Let w(z) = z**3 + 6*z**2 + 5*z + 5. Let x be w(-5). Let v be x + (-1 - -1) + -2. Let m = v - 3. Calculate g(m).
0
Suppose -23*z - 14 = -16*z. Let v(p) = 2*p**2 + 4*p + 3. Calculate v(z).
3
Let i be (-6)/15 - (-17)/5. Let o(q) be the first derivative of 0*q - 2/3*q**i - 1 + 0*q**2. What is o(1)?
-2
Let g = 2 - 0. Suppose 0 = 5*a - 14 + 4. Let j(c) = 0*c**a - 3 - 7*c - 3 - c**g. What is j(-4)?
6
Suppose -2*x = 3*x - 25. Let i(t) = -5*t**2 - 2 + 14*t**3 - 13*t**3 - 3. Give i(x).
-5
Let m(x) = -x**2 + x - 9. Let w be (5/2)/5*-16. Let v be 1/(-4) - 130/w. Suppose -3*t - v = 4*f, t = 2*f - 7*f - 20. Determine m(t).
-9
Let b = 2 - 0. Suppose -g = -b*g + 1. Let n(v) = 8*v**3 - v**2 + v. What is n(g)?
8
Let z(n) = n**3 + 12*n**2 + 11*n + 8. Let o be z(-11). Let u(l) = -l + o*l + 3*l - 2*l. Calculate u(-1).
